15 (base 16) to base 15.
16
What is 314 (base 5) in base 12?
70
Convert 1a (base 14) to base 9.
26
Convert -2 (base 3) to base 14.
-2
2 (base 7) to base 3
2
What is -18 (base 11) in base 12?
-17
Convert 111010 (base 2) to base 4.
322
What is -56 (base 7) in base 5?
-131
What is 102 (base 6) in base 15?
28
What is 40 (base 5) in base 12?
18
What is -c (base 13) in base 6?
-20
Convert 26 (base 9) to base 7.
33
Convert -4 (base 6) to base 15.
-4
Convert -1000 (base 2) to base 14.
-8
What is -31 (base 10) in base 15?
-21
What is 1000 (base 2) in base 13?
8
Convert 2331 (base 5) to base 2.
101010101
134 (base 11) to base 10
158
Convert -102 (base 5) to base 6.
-43
-10 (base 2) to base 8
-2
What is -1102 (base 4) in base 12?
-6a
7 (base 11) to base 14
7
What is -b4 (base 12) in base 13?
-a6
Convert 15 (base 11) to base 12.
14
-12 (base 10) to base 7
-15
What is 210 (base 3) in base 15?
16
What is 102 (base 4) in base 13?
15
Convert -1 (base 14) to base 12.
-1
What is -56 (base 12) in base 10?
-66
Convert 2 (base 8) to base 14.
2
23 (base 13) to base 5
104
What is b (base 15) in base 16?
b
-20 (base 11) to base 10
-22
What is 201 (base 3) in base 6?
31
What is 12 (base 3) in base 9?
5
What is -2 (base 4) in base 15?
-2
Convert 233 (base 7) to base 2.
1111010
What is -4 (base 10) in base 2?
-100
Convert 2 (base 4) to base 12.
2
41 (base 9) to base 4
211
What is -1 (base 16) in base 14?
-1
Convert 6 (base 11) to base 15.
6
Convert 52 (base 16) to base 7.
145
What is 20 (base 3) in base 16?
6
Convert c (base 16) to base 14.
c
What is 15 (base 15) in base 10?
20
What is -1 (base 4) in base 15?
-1
What is 13 (base 12) in base 4?
33
-5 (base 8) to base 13
-5
-11 (base 2) to base 9
-3
What is -2e (base 15) in base 5?
-134
-53 (base 11) to base 2
-111010
What is 1d (base 15) in base 16?
1c
-24 (base 6) to base 15
-11
Convert -19 (base 16) to base 13.
-1c
What is -16 (base 8) in base 4?
-32
What is -11111 (base 2) in base 14?
-23
What is 2 (base 5) in base 13?
2
Convert 1111 (base 2) to base 4.
33
What is 1 (base 4) in base 5?
1
-3 (base 11) to base 10
-3
11 (base 12) to base 5
23
What is 2 (base 14) in base 5?
2
Convert -11 (base 15) to base 11.
-15
What is -1000 (base 4) in base 12?
-54
-1 (base 8) to base 5
-1
50 (base 12) to base 6
140
Convert 21 (base 3) to base 5.
12
-46 (base 11) to base 14
-38
Convert 0 (base 3) to base 14.
0
Convert -d (base 14) to base 11.
-12
Convert 7 (base 14) to base 5.
12
What is 22 (base 3) in base 9?
8
2 (base 6) to base 10
2
Convert -1101 (base 4) to base 3.
-10000
-3 (base 6) to base 14
-3
Convert -17a (base 11) to base 15.
-dd
Convert -1 (base 2) to base 6.
-1
-1 (base 3) to base 7
-1
What is 3 (base 12) in base 13?
3
What is -3 (base 16) in base 3?
-10
What is -1 (base 14) in base 2?
-1
25 (base 14) to base 9
36
Convert 11110 (base 3) to base 2.
1111000
What is 23 (base 11) in base 10?
25
Convert -2 (base 10) to base 9.
-2
Convert -3 (base 12) to base 14.
-3
What is -3 (base 8) in base 11?
-3
Convert 1 (base 4) to base 12.
1
Convert 76 (base 8) to base 10.
62
7 (base 8) to base 6
11
Convert 2 (base 4) to base 7.
2
2 (base 13) to base 8
2
Convert -100102 (base 3) to base 6.
-1102
Convert 0 (base 3) to base 11.
0
-72 (base 9) to base 10
-65
Convert -9 (base 15) to base 13.
-9
Convert 15 (base 14) to base 5.
34
2c (base 13) to base 9
42
What is 2 (base 6) in base 16?
2
-1001 (base 2) to base 15
-9
What is 14 (base 15) in base 5?
34
10 (base 9) to base 7
12
What is 14 (base 15) in base 11?
18
What is -31 (base 4) in base 16?
-d
What is 12010 (base 3) in base 4?
2022
What is -6 (base 9) in base 13?
-6
Convert 17 (base 12) to base 13.
16
Convert 11 (base 7) to base 15.
8
Convert -1120 (base 3) to base 12.
-36
-1 (base 14) to base 11
-1
22 (base 7) to base 11
15
What is -100101 (base 2) in base 4?
-211
5 (base 14) to base 13
5
-294 (base 10) to base 11
-248
-111 (base 2) to base 9
-7
Convert 1 (base 3) to base 4.
1
What is -1a (base 16) in base 4?
-122
Convert 39 (base 11) to base 5.
132
Convert 2 (base 8) to base 12.
2
What is -2322 (base 4) in base 14?
-d4
-5 (base 8) to base 14
-5
What is 168 (base 14) in base 11?
242
Convert 32 (base 4) to base 2.
1110
-101101 (base 2) to base 12
-39
Convert -10 (base 4) to base 6.
-4
What is 45 (base 14) in base 16?
3d
What is 10 (base 3) in base 13?
3
What is 2 (base 6) in base 9?
2
What is 129 (base 11) in base 14?
ac
What is -13 (base 6) in base 10?
-9
-10100 (base 2) to base 11
-19
0 (base 3) to base 12
0
Convert -171 (base 14) to base 6.
-1211
What is 23 (base 16) in base 14?
27
What is 3b (base 12) in base 9?
52
What is -535 (base 6) in base 15?
-d8
Convert -1 (base 11) to base 3.
-1
Convert -1 (base 13) to base 10.
-1
5 (base 8) to base 10
5
-4 (base 11) to base 14
-4
What is 1 (base 16) in base 6?
1
Convert 60 (base 11) to base 10.
66
2 (base 4) to base 10
2
-13 (base 5) to base 14
-8
-65 (base 14) to base 7
-155
What is 46 (base 9) in base 4?
222
-22 (base 8) to base 16
-12
Convert 40 (base 12) to base 5.
143
Convert 3 (base 5) to base 6.
3
What is 30 (base 5) in base 12?
13
Convert 30 (base 10) to base 12.
26
What is 17 (base 15) in base 12?
1a
-46 (base 10) to base 14
-34
Convert 6 (base 16) to base 13.
6
What is 13 (base 14) in base 15?
12
-110 (base 2) to base 8
-6
What is -20 (base 12) in base 3?
-220
What is a (base 14) in base 2?
1010
Convert 3 (base 12) to base 13.
3
Convert 1 (base 16) to base 3.
1
What is -1 (base 7) in base 13?
-1
13 (base 14) to base 10
17
Convert -325 (base 7) to base 9.
-204
What is 100 (base 2) in base 7?
4
Convert -20 (base 3) to base 4.
-12
Convert -11 (base 16) to base 7.
-23
Convert 46 (base 14) to base 8.
76
What is 9 (base 11) in base 2?
1001
Convert 525 (base 7) to base 12.
1a0
9 (base 15) to base 9
10
2 (base 7) to base 15
2
Convert -2 (base 16) to base 7.
-2
What is -9 (base 12) in base 3?
-100
Convert -1223 (base 5) to base 12.
-138
2 (base 10) to base 7
2
What is 10102 (base 3) in base 9?
112
Convert 42 (base 5) to base 14.
18
-22 (base 6) to base 9
-15
What is 1 (base 11) in base 14?
1
-23 (base 10) to base 6
-35
Convert -3 (base 9) to base 16.
-3
Convert 1 (base 11) to base 12.
1
Convert -11 (base 5) to base 15.
-6
Convert -3 (base 14) to base 4.
-3
Convert -4a (base 12) to base 7.
-112
What is -192 (base 13) in base 12?
-200
What is 101 (base 2) in base 12?
5
What is b (base 14) in base 3?
102
Convert 57 (base 15) to base 8.
122
Convert 3 (base 13) to base 16.
3
What is -2 (base 3) in base 16?
-2
-94 (base 12) to base 16
-70
c5 (base 16) to base 8
305
What is -15 (base 7) in base 13?
-c
What is -12000 (base 3) in base 15?
-90
What is 74 (base 12) in base 2?
1011000
1100001 (base 2) to base 10
97
Convert -3 (base 4) to base 8.
-3
Convert 10303 (base 4) to base 3.
102101
-5 (base 9) to base 16
-5
What is 9b (base 13) in base 9?
152
What is 3 (base 15) in base 6?
3
What is 0 (base 4) in base 12?
0
1d (base 16) to base 8
35
What is -420 (base 6) in base 3?
-12210
What is 1 (base 12) in base 7?
1
Convert 178 (base 10) to base 13.
109
3 (base 13) to base 10
3
Convert -206 (base 12) to base 5.
-2134
22 (base 14) to base 16
1e
What is 53 (base 12) in base 8?
77
Convert 1101 (base 2) to base 14.
d
40 (base 7) to base 8
34
Convert 3 (base 9) to base 6.
3
What is 9 (base 13) in base 16?
9
What is 2 (base 5) in base 4?
2
-11 (base 2) to base 13
-3
Convert 24 (base 8) to base 13.
17
Convert -107 (base 9) to base 13.
-6a
-8 (base 15) to base 10
-8
What is -1 (base 12) in base 6?
-1
What is 7 (base 13) in base 16?
7
What is 7 (base 12) in base 5?
12
What is 0 (base 3) in base 7?
0
33 (base 5) to base 12
16
What is 1 (base 10) in base 2?
1
-5 (base 15) to base 6
-5
106 (base 10) to base 7
211
100110 (base 2) to base 5
123
Convert 32 (base 4) to base 5.
24
What is 23 (base 5) in base 14?
d
Convert 11 (base 7) to base 15.
8
Convert 4b (base 12) to base 16.
3b
What is -9 (base 14) in base 12?
-9
Convert 2 (base 8) to base 6.
2
-310 (base 6) to base 7
-222
-1d4 (base 14) to base 3
-112011
Convert -1 (base 6) to base 9.
-1
240 (base 6) to base 13
75
What is 21 (base 6) in base 3?
111
-4 (base 6) to base 14
-4
-a5 (base 15) to base 11
-131
What is -18 (base 14) in base 16?
-16
-2 (base 8) to base 12
-2
What is -22 (base 5) in base 11?
-11
Convert 10010 